{"id":235,"date":"2022-01-19T16:36:42","date_gmt":"2022-01-19T15:36:42","guid":{"rendered":"https:\/\/psychologue-regembal.fr\/?page_id=235"},"modified":"2025-01-06T17:54:59","modified_gmt":"2025-01-06T16:54:59","slug":"test-de-qi-adulte-wais-iv","status":"publish","type":"page","link":"https:\/\/psychologue-regembal.fr\/index.php\/test-de-qi-adulte-wais-iv\/","title":{"rendered":"Test de QI adulte, la WAIS IV"},"content":{"rendered":"\n<p><\/p>\n\n\n\n<p>Passer un teste de QI pour adulte, <strong><a href=\"https:\/\/fr.wikipedia.org\/wiki\/Wechsler_Adult_Intelligence_Scale\" data-type=\"URL\" data-id=\"https:\/\/fr.wikipedia.org\/wiki\/Wechsler_Adult_Intelligence_Scale\">la WAIS IV<\/a><\/strong> peut avoir pour objectif de mieux comprendre votre fonctionnement intellectuel, de mieux cerner vos forces et faiblesses cognitives.<\/p>\n\n\n\n<p>Ce test permet aussi de valider ou d&rsquo;infirmer une hypoth\u00e8se de fonctionnement \u00e0 haut potentiel  intellectuel (douance). <\/p>\n\n\n\n<p>Au del\u00e0 du chiffre de QI obtenu, le test constitue un bon outils pour mieux comprendre des  d\u00e9calages ou diff\u00e9rences, parfois pr\u00e9sents depuis l&rsquo;enfance.<\/p>\n\n\n\n<p><strong>D\u00e9roulement de la d\u00e9marche<\/strong> :<\/p>\n\n\n\n<ul class=\"wp-block-list\">\n<li>Entretien intial de 50 minutes afin de faire connaissance et de mieux comprendre la nature de votre d\u00e9marche et de votre demande<\/li>\n\n\n\n<li>Passation du test, comptez deux heures environ<\/li>\n\n\n\n<li>Entretien de restitution et d&rsquo;explication des r\u00e9sultats de 50 minutes. Un rapport \u00e9crit et d\u00e9taill\u00e9 vous sera remis \u00e0 la suite de cette rencontre.<\/li>\n<\/ul>\n\n\n\n<p>Co\u00fbt total : 350 euros<\/p>\n\n\n\n<p><\/p>\n","protected":false},"excerpt":{"rendered":"<p>Passer un teste de QI pour adulte, la WAIS IV peut avoir pour objectif de mieux comprendre votre fonctionnement intellectuel, de mieux cerner vos forces et faiblesses cognitives. Ce test permet aussi de valider ou d&rsquo;infirmer une hypoth\u00e8se de fonctionnement &hellip; <a href=\"https:\/\/psychologue-regembal.fr\/index.php\/test-de-qi-adulte-wais-iv\/\">Continuer la lecture <span class=\"meta-nav\">&rarr;<\/span><\/a><\/p>\n","protected":false},"author":1,"featured_media":0,"parent":0,"menu_order":0,"comment_status":"closed","ping_status":"closed","template":"","meta":{"footnotes":""},"class_list":["post-235","page","type-page","status-publish","hentry"],"_links":{"self":[{"href":"https:\/\/psychologue-regembal.fr\/index.php\/wp-json\/wp\/v2\/pages\/235","targetHints":{"allow":["GET"]}}],"collection":[{"href":"https:\/\/psychologue-regembal.fr\/index.php\/wp-json\/wp\/v2\/pages"}],"about":[{"href":"https:\/\/psychologue-regembal.fr\/index.php\/wp-json\/wp\/v2\/types\/page"}],"author":[{"embeddable":true,"href":"https:\/\/psychologue-regembal.fr\/index.php\/wp-json\/wp\/v2\/users\/1"}],"replies":[{"embeddable":true,"href":"https:\/\/psychologue-regembal.fr\/index.php\/wp-json\/wp\/v2\/comments?post=235"}],"version-history":[{"count":5,"href":"https:\/\/psychologue-regembal.fr\/index.php\/wp-json\/wp\/v2\/pages\/235\/revisions"}],"predecessor-version":[{"id":246,"href":"https:\/\/psychologue-regembal.fr\/index.php\/wp-json\/wp\/v2\/pages\/235\/revisions\/246"}],"wp:attachment":[{"href":"https:\/\/psychologue-regembal.fr\/index.php\/wp-json\/wp\/v2\/media?parent=235"}],"curies":[{"name":"wp","href":"https:\/\/api.w.org\/{rel}","templated":true}]}}