{"id":2,"date":"2021-09-13T15:23:24","date_gmt":"2021-09-13T13:23:24","guid":{"rendered":"http:\/\/psychologue-regembal.fr\/?page_id=2"},"modified":"2021-09-23T08:15:36","modified_gmt":"2021-09-23T06:15:36","slug":"page-d-exemple","status":"publish","type":"page","link":"https:\/\/psychologue-regembal.fr\/","title":{"rendered":"Accueil"},"content":{"rendered":"\n<div class=\"wp-block-image\"><figure class=\"alignleft size-large is-resized\"><img loading=\"lazy\" decoding=\"async\" src=\"https:\/\/psychologue-regembal.fr\/wp-content\/uploads\/2021\/09\/photosite3-3-648x1024.jpg\" alt=\"\" class=\"wp-image-192\" width=\"176\" height=\"278\" srcset=\"https:\/\/psychologue-regembal.fr\/wp-content\/uploads\/2021\/09\/photosite3-3-648x1024.jpg 648w, https:\/\/psychologue-regembal.fr\/wp-content\/uploads\/2021\/09\/photosite3-3-190x300.jpg 190w, https:\/\/psychologue-regembal.fr\/wp-content\/uploads\/2021\/09\/photosite3-3-768x1214.jpg 768w, https:\/\/psychologue-regembal.fr\/wp-content\/uploads\/2021\/09\/photosite3-3-972x1536.jpg 972w, https:\/\/psychologue-regembal.fr\/wp-content\/uploads\/2021\/09\/photosite3-3-1296x2048.jpg 1296w, https:\/\/psychologue-regembal.fr\/wp-content\/uploads\/2021\/09\/photosite3-3-scaled.jpg 1620w\" sizes=\"auto, (max-width: 176px) 100vw, 176px\" \/><\/figure><\/div>\n\n\n\n<p>Je serai heureuse de vous accueillir dans mon cabinet situ\u00e9 dans le 8<sup>\u00e8me<\/sup> arrondissement de Lyon.<\/p>\n\n\n\n<p>Ensemble, en s\u2019appuyant sur une relation bienveillante et sur des outils th\u00e9rapeutiques vari\u00e9s, nous travaillerons sur les souffrances, difficult\u00e9s \u00e9motionnelles, probl\u00e9matiques et questionnements que vous souhaiterez aborder. <\/p>\n\n\n\n<p>Initier une d\u00e9marche th\u00e9rapeutique a pour objectif de vous permettre de prendre le temps de mieux vous conna\u00eetre, vous comprendre et vous accepter.<\/p>\n\n\n\n<p><\/p>\n\n\n\n<p>Notre but commun sera de vous permettre de reconna\u00eetre et mobiliser vos ressources internes afin de faire face \u00e0 vos difficult\u00e9s.<\/p>\n\n\n\n<p>Nos \u00e9changes pourront avoir lieu en langue fran\u00e7aise ou anglaise.<\/p>\n","protected":false},"excerpt":{"rendered":"<p>Je serai heureuse de vous accueillir dans mon cabinet situ\u00e9 dans le 8\u00e8me arrondissement de Lyon. Ensemble, en s\u2019appuyant sur une relation bienveillante et sur des outils th\u00e9rapeutiques vari\u00e9s, nous travaillerons sur les souffrances, difficult\u00e9s \u00e9motionnelles, probl\u00e9matiques et questionnements que &hellip; <a href=\"https:\/\/psychologue-regembal.fr\/\">Continuer la lecture <span class=\"meta-nav\">&rarr;<\/span><\/a><\/p>\n","protected":false},"author":1,"featured_media":0,"parent":0,"menu_order":0,"comment_status":"closed","ping_status":"open","template":"","meta":{"footnotes":""},"class_list":["post-2","page","type-page","status-publish","hentry"],"_links":{"self":[{"href":"https:\/\/psychologue-regembal.fr\/index.php\/wp-json\/wp\/v2\/pages\/2","targetHints":{"allow":["GET"]}}],"collection":[{"href":"https:\/\/psychologue-regembal.fr\/index.php\/wp-json\/wp\/v2\/pages"}],"about":[{"href":"https:\/\/psychologue-regembal.fr\/index.php\/wp-json\/wp\/v2\/types\/page"}],"author":[{"embeddable":true,"href":"https:\/\/psychologue-regembal.fr\/index.php\/wp-json\/wp\/v2\/users\/1"}],"replies":[{"embeddable":true,"href":"https:\/\/psychologue-regembal.fr\/index.php\/wp-json\/wp\/v2\/comments?post=2"}],"version-history":[{"count":9,"href":"https:\/\/psychologue-regembal.fr\/index.php\/wp-json\/wp\/v2\/pages\/2\/revisions"}],"predecessor-version":[{"id":204,"href":"https:\/\/psychologue-regembal.fr\/index.php\/wp-json\/wp\/v2\/pages\/2\/revisions\/204"}],"wp:attachment":[{"href":"https:\/\/psychologue-regembal.fr\/index.php\/wp-json\/wp\/v2\/media?parent=2"}],"curies":[{"name":"wp","href":"https:\/\/api.w.org\/{rel}","templated":true}]}}