{"id":112,"date":"2021-09-13T21:12:11","date_gmt":"2021-09-13T19:12:11","guid":{"rendered":"http:\/\/psychologue-regembal.fr\/?page_id=112"},"modified":"2025-01-17T12:30:43","modified_gmt":"2025-01-17T11:30:43","slug":"modalites-pratiques","status":"publish","type":"page","link":"https:\/\/psychologue-regembal.fr\/index.php\/modalites-pratiques\/","title":{"rendered":"Modalit\u00e9s pratiques"},"content":{"rendered":"\n<p><\/p>\n\n\n\n<p>Un entretien en psychologie dure entre 50 minutes et 1 heure.<\/p>\n\n\n\n<p>Le tarif d&rsquo;un entretien est de 70 euros pour une rencontre individuelle et de 80 euros pour un couple. Cependant ce tarif pourra \u00eatre ajust\u00e9 si son montant entrave votre acc\u00e8s au soin.<\/p>\n\n\n\n<p>Paiement par ch\u00e8que ou esp\u00e8ces<\/p>\n\n\n\n<p>Une facture vous sera fournie, pour une \u00e9ventuelle prise en charge par votre mutuelle<\/p>\n\n\n\n<p>Tout entretien non annul\u00e9 48 heures avant sa date est d\u00fb<\/p>\n","protected":false},"excerpt":{"rendered":"<p>Un entretien en psychologie dure entre 50 minutes et 1 heure. Le tarif d&rsquo;un entretien est de 70 euros pour une rencontre individuelle et de 80 euros pour un couple. Cependant ce tarif pourra \u00eatre ajust\u00e9 si son montant entrave &hellip; <a href=\"https:\/\/psychologue-regembal.fr\/index.php\/modalites-pratiques\/\">Continuer la lecture <span class=\"meta-nav\">&rarr;<\/span><\/a><\/p>\n","protected":false},"author":1,"featured_media":0,"parent":0,"menu_order":0,"comment_status":"closed","ping_status":"closed","template":"","meta":{"footnotes":""},"class_list":["post-112","page","type-page","status-publish","hentry"],"_links":{"self":[{"href":"https:\/\/psychologue-regembal.fr\/index.php\/wp-json\/wp\/v2\/pages\/112","targetHints":{"allow":["GET"]}}],"collection":[{"href":"https:\/\/psychologue-regembal.fr\/index.php\/wp-json\/wp\/v2\/pages"}],"about":[{"href":"https:\/\/psychologue-regembal.fr\/index.php\/wp-json\/wp\/v2\/types\/page"}],"author":[{"embeddable":true,"href":"https:\/\/psychologue-regembal.fr\/index.php\/wp-json\/wp\/v2\/users\/1"}],"replies":[{"embeddable":true,"href":"https:\/\/psychologue-regembal.fr\/index.php\/wp-json\/wp\/v2\/comments?post=112"}],"version-history":[{"count":12,"href":"https:\/\/psychologue-regembal.fr\/index.php\/wp-json\/wp\/v2\/pages\/112\/revisions"}],"predecessor-version":[{"id":251,"href":"https:\/\/psychologue-regembal.fr\/index.php\/wp-json\/wp\/v2\/pages\/112\/revisions\/251"}],"wp:attachment":[{"href":"https:\/\/psychologue-regembal.fr\/index.php\/wp-json\/wp\/v2\/media?parent=112"}],"curies":[{"name":"wp","href":"https:\/\/api.w.org\/{rel}","templated":true}]}}